g be -23*(2/(-6) + 84/(-126)). Calculate the highest common divisor of g and 391.
23
Let z(f) be the second derivative of 0 + 1/12*f**4 + 13/2*f**2 + 4*f - 1/20*f**5 - 1/6*f**3. Let u be z(0). What is the greatest common factor of u and 39?
13
Let d be (4/(-14))/(96/(-168))*726. Calculate the greatest common factor of d and 66.
33
Let b(h) = 13*h + 19*h + 2 + 0 + 7*h. Let f(n) = -39*n - 1. Let x(z) = 2*b(z) + 3*f(z). Let i be x(-1). What is the highest common factor of i and 60?
20
Let n(x) = 7*x**2 - 11*x - 36. Let b be n(-5). Let o be (24/(-28))/(b/98 + -2). Calculate the greatest common factor of 28 and o.
14
Let s = -8 - -11. Suppose -6*d + s*d = 0. Suppose d = 5*a + 10 - 35. Calculate the highest common divisor of 1 and a.
1
Let m(r) = -2*r**2 - 12*r + 16. Let v be m(-7). Let h = 100 - 19. Suppose -a + h = v*a. Calculate the greatest common divisor of a and 162.
27
Suppose -143 + 50 = -3*a - u, 18 = a - 4*u. Let k be (4/(-5))/(a/(-825)). What is the highest common divisor of 66 and k?
22
Let w = -431 - -581. What is the highest common factor of w and 30?
30
Suppose -9*v + v = -24. Suppose 0 = -4*c - v*h + 45 - 10, 5*c = 5*h + 35. What is the greatest common divisor of c and 24?
8
Suppose 0 = -v + 4*n - 3*n - 54, 0 = -n - 2. Let b = v - -397. Calculate the highest common factor of b and 31.
31
Suppose 0 = -y - 5*y + 90. Let v be (-4)/(-18) - 64/(-36). Let d(o) = 2*o + 1. Let w be d(v). What is the highest common divisor of y and w?
5
Let c = -41 - -89. Let w(u) = -7*u + 199. Let s be w(28). Calculate the greatest common divisor of c and s.
3
Let a(v) = -28*v - 10. Let x be a(-1). Calculate the greatest common factor of x and 63.
9
Suppose -2 = 3*a + 1. Let s(m) be the first derivative of -11*m**4/4 + 2*m**3/3 - m + 21. Let v be s(a). Calculate the greatest common factor of v and 108.
12
Let z be ((-230)/25)/(1/(-5)). Let j be 66 - (14/21 - (-11)/(-3)). What is the greatest common factor of j and z?
23
Let m(a) = a**3 + 17*a**2 + 33*a - 5. Let k = -32 - -18. Let t be m(k). Calculate the greatest common divisor of t and 11.
11
Suppose 26 = 5*g + 61. Let s(p) = 4*p - 11. Let t be s(g). Let y be (-189)/t - (-4)/26. What is the highest common factor of y and 10?
5
Let k(x) = 9*x**2 - 2*x + 5. Let w be k(3). Let j(a) = -a**3 + 6*a**2 - 3*a - 2. Let p be j(3). Calculate the highest common divisor of w and p.
16
Let j be 5 - (1 - 4 - -2). Let a = j - 10. Let p be (-5)/(-3*a/(-12)). What is the greatest common factor of p and 25?
5
Let c be (0 + 1)/((-6)/(-78)). Suppose 0 = 4*p - 2*w + 6*w - 44, 2*w = -5*p + 61. Calculate the highest common divisor of p and c.
13
Suppose 0 = 10*d - 76*d + 42900. Calculate the greatest common divisor of 100 and d.
50
Let i be (55/1)/(-11) + 1 + 116. What is the highest common factor of i and 16?
16
Let y be ((-3)/((-27)/6))/(8/24). What is the highest common factor of 9 and y?
1
Let k(x) = x**3 + 9*x**2 - x + 7. Let n be k(-7). Suppose -2*q - p = 2*q - n, 5*q = -4*p + 140. Calculate the greatest common factor of q and 42.
14
Let f = -475 - -816. What is the highest common divisor of 217 and f?
31
Suppose 5*g - 427 = 2*c, 0 = g + 5*c + 22 - 102. What is the highest common factor of g and 17?
17
Let z(s) = -s**2 + 6*s + 18. Let x be z(7). What is the highest common divisor of x and 77?
11
Let i(c) = c**2 + 4*c + 18. Let z(b) = 5*b**2 + 15*b. Let h be z(-3). Let g be i(h). Calculate the highest common factor of 2 and g.
2
Let j(y) = y**2 + y - 5. Let g be j(3). Let l be g + 0 - (-20)/(-5). Let r = 7 + 14. What is the greatest common factor of l and r?
3
Let z = 22 - 13. Let b be 4 + ((-9)/(-2) - 2/(-4)). What is the highest common divisor of z and b?
9
Let m = 782 - 732. What is the greatest common factor of 230 and m?
10
Let h be (-477)/(-15) + 2/10. Suppose 2*b - 7 = x - 21, 35 = 5*x - 3*b. What is the highest common factor of h and x?
4
Let k(j) = j**3 + 6*j**2 - 10*j - 13. Let n(z) = z**3 + 18*z**2 + 17*z - 7. Let l be n(-17). Let f be k(l). What is the highest common factor of 12 and f?
4
Suppose 0 = 4*q - 17 + 1. Let j be 1/q + (-765)/(-12). Let m = 25 - 17. Calculate the highest common factor of m and j.
8
Suppose -o + 233 = 3*t - 3*o, 4*t - 310 = 2*o. Let g = t + -60. What is the greatest common factor of 17 and g?
17
Let n = -1601 + 1612. What is the highest common factor of n and 319?
11
Let p = 24 + -25. Let l be (-3 - 0)/(0 + p). Suppose -i = 2*x - 9, -i + 0*i = -l. Calculate the greatest common factor of 12 and x.
3
Let s be (1 - 8/4)*-19. Let u be (1 - 0) + s + -16. Suppose -5*z + 52 = 2. Calculate the highest common divisor of u and z.
2
Let a = -523 - -1302. Calculate the greatest common factor of 19 and a.
19
Suppose 6*k + 1254 + 3336 = 0. Let a = k + 545. Let u be ((-12)/15)/(8/a). What is the greatest common factor of u and 176?
22
Let d = 189 - 161. Let h(c) = 2*c**2 + 3*c - 4. Let f be h(-3). Let x be f + 2 - (2 - 2). Calculate the highest common divisor of d and x.
7
Suppose 2*y - 38 = y. Suppose 0 = 7*c + y - 150. Suppose -3*i + 20 = -52. What is the highest common factor of i and c?
8
Let l = -9 + 7. Let z be (l/3)/((-1)/3). Suppose 4*r + 2*p - 30 = 0, -5*r + 4*p + 67 + 3 = 0. What is the greatest common factor of z and r?
2
Let g(v) = 131*v - 28. Let b be g(2). What is the highest common divisor of b and 18?
18
Let a = 60 - 51. Calculate the highest common factor of 333 and a.
9
Suppose 5*c - 536 = -3*g, -g - 220 = -2*c - 5*g. Calculate the highest common factor of c and 2.
2
Let p be 0*(4 + -5 + 0). Suppose p = -0*h - 2*h + 4*g, -h + 4*g + 10 = 0. Let i be (h/(-40))/(2/16). What is the greatest common factor of i and 2?
2
Let z = 1107 - 1089. What is the greatest common factor of 96 and z?
6
Let d be (8/(-10) + 30/(-25))*-530. What is the highest common divisor of 4 and d?
4
Suppose 10*u = 12*u - 32. Let l be (-3 + -4)/((-1)/(-2)). Let h = l - -62. Calculate the greatest common divisor of u and h.
16
Let o be -2 + 2 + 2 + 56. Let h = -46 + o. Calculate the highest common divisor of h and 6.
6
Suppose -4*f - 61 = 155. Let l = 57 + f. What is the highest common factor of l and 24?
3
Suppose 17*q - 3757 = -0*q. What is the highest common divisor of q and 65?
13
Let t(v) = v**2 - 6*v - 5. Let y be t(7). Suppose -y*w + 20 = -w. Suppose w = n + 4*n. What is the highest common divisor of n and 12?
4
Let l(v) = 2*v + 13. Let g be l(-8). Let c be g/((-12)/32) + 4. What is the greatest common divisor of c and 30?
6
Suppose 3*r - 265 = 5*v, -2*r - 82 = -2*v - 252. Calculate the greatest common factor of 130 and r.
10
Suppose 5*w - 2*w = 4*k - 64, 0 = -4*k + 2*w + 64. Let s = k + -12. Suppose -b + 28 = 5*p, 0*p = s*b - p - 28. What is the greatest common divisor of 8 and b?
8
Let g(q) = 2*q**2 + 11*q + 13. Let b be g(-6). Suppose 5*s - 3*o = b, -4*s + 15 = -s - 3*o. Calculate the highest common factor of s and 2.
2
Suppose 8 = f + f - 4*x, x - 1 = 0. Suppose -2*j - 32 = -f*j. Let s = -11 + 19. Calculate the greatest common factor of s and j.
8
Suppose 2*t - 2*y + 2 = 0, t + 7 = -3*t + y. Let g(z) = 6*z + 18. Let j be g(t). Calculate the greatest common factor of j and 27.
3
Let k = 337 + -259. Calculate the highest common factor of k and 832.
26
Let i be (1 - 13)/((-203)/28 + 7). Calculate the greatest common divisor of i and 42.
6
Let h(g) = 4*g**2 + 5*g - 4. Let c be h(-4). What is the highest common factor of 6 and c?
2
Suppose n - 5*x - 44 = 0, -107 = 11*n - 15*n - 3*x. Calculate the greatest common factor of n and 3.
1
Suppose -w = 1 + 7. Let y = 15 + w. Let v be -2*y/4*-4. Calculate the highest common divisor of v and 35.
7
Let l be (-980)/(-25) - (-10)/(-50). Calculate the highest common factor of 221 and l.
13
Suppose 2*c = -0 + 14. Suppose 2*v + 407 = 3*b, -4*b + v + 218 + 318 = 0. What is the greatest common factor of c and b?
7
Let y be 18092/34 + (-86)/731. What is the greatest common factor of 228 and y?
76
Let p(f) = -f - 11. Let s be p(-13). Suppose s*h + 0*v + 4*v = 116, 0 = v + 3. Let r = 19 - 11. What is the highest common divisor of r and h?
8
Let n(s) be the first derivative of -s**4/4 + 3*s**3 - 3*s**2/2 - 14*s + 24. Let y be n(7). Calculate the greatest common divisor of 18 and y.
9
Let a(k) = 8*k + 266. Let d be a(-33). Calculate the greatest common factor of d and 106.
2
Suppo